 divided by p.
3
Let j = 3064 - 2861. Calculate the remainder when j is divided by 37.
18
Let a(n) be the third derivative of n**5/15 + n**4/6 + 22*n**2. What is the remainder when a(-3) is divided by 7?
3
Let g be -6*4/((-24)/291). Suppose 4*q + 3*b + 34 = 253, 5*q - g = 2*b. What is the remainder when q is divided by 0 + (-2 - (-18 + 1))?
12
Suppose -f + 2*y + 20 = -0*f, -2*f - 2*y = -58. Suppose f = 8*g - 6*g. What is the remainder when 38 is divided by g?
12
Suppose -606 = -97*d + 752. Calculate the remainder when 3329 is divided by d.
11
Suppose -217 = -3*w - 5*z, 8*w - 3*w - 4*z = 300. Calculate the remainder when 254 is divided by w.
62
Let k(x) = x**3 + 13*x**2 + 10. Let c = 15 + -28. Let o be k(c). Suppose -6 = -2*p + o. What is the remainder when 38 is divided by p?
6
Suppose 2*r - 40 = -3*o - 3*r, -10 = -3*o + r. Suppose 69*y + 3*y + 26*y - 7252 = 0. Calculate the remainder when y is divided by o.
4
Let g(p) = p**3 - 6*p**2 - 10*p + 3. Let f be g(7). What is the remainder when 3 - (-2 - 22)*(-24)/f is divided by 19?
16
Calculate the remainder when 501 is divided by 1*7/(-28)*-676.
163
Suppose -2*t + 90 = 3*u, t - 71 + 101 = u. Calculate the remainder when 30 is divided by u.
0
Suppose 6*p - 15 = 3*p. Suppose 3*n - p*n - g + 5 = 0, -3*n + 5*g = -1. Suppose 2*y - n*k = y, -3*k = -15. What is the remainder when 28 is divided by y?
8
Let d be ((-15)/(-4))/5*200. Suppose 12*v - 14*v + d = 0. Calculate the remainder when 21 is divided by v/9 - 2/6.
5
Let c(l) = 12*l - 17. Calculate the remainder when 359 is divided by c(2).
2
What is the remainder when 227 is divided by (-3)/((-48)/(-40))*-46?
112
Let p be 1/((-1)/(9/(-3))). Suppose -4*g = -2*i + 32, 0 = -p*i + g + 54 + 9. Calculate the remainder when i is divided by 4.
2
Let b = -83 + 111. Calculate the remainder when 2/4 - (1 - 163/2) is divided by b.
25
Calculate the remainder when 68 is divided by 1/(3*(-7)/(-147)).
5
Let r(t) = -3*t**2 - 64*t + 289. Suppose 0 = h + s - 9, -h = 3*h - 5*s + 9. What is the remainder when r(-25) is divided by h?
2
Suppose -14*o - 136 = -500. What is the remainder when 335 is divided by o?
23
Suppose 5*p - 13 = 12. Suppose -p*j - q + 156 = 0, -2*q = 3*j - 78 - 10. What is the remainder when 95 is divided by j?
31
What is the remainder when (-872)/(-6)*(-138)/(-92) is divided by 37?
33
What is the remainder when 250 is divided by (-3908)/(-60) - 2/15?
55
Suppose 294 = 2*w - 3*v, -2*w - 2*v = v - 282. What is the remainder when w is divided by 49?
46
Let h = -2 + 2. Suppose -3*w = 0, 3*w = -p - p + 110. Calculate the remainder when p is divided by (h - 16 - -2)*-1.
13
Suppose -5*m + 177 = -358. Suppose -2*z = -14*z + 132. What is the remainder when m is divided by z?
8
Calculate the remainder when 1114/10 - 8/20 is divided by 56.
55
Let f(h) = -18*h - 6. Calculate the remainder when f(-9) is divided by ((-13 - -7) + 1)/(3/(-24)).
36
Let m = -83 + 112. Suppose 25 = 4*y - 3*c + 5, -5*c = 0. Suppose -g - 2*w = -5*w - 4, -y*w + 68 = 3*g. What is the remainder when m is divided by g?
13
Let t(a) = -a**3 - 14*a**2 + 16*a + 2. Suppose -9 - 21 = 2*g. Let x be t(g). Let w = 35 + x. Calculate the remainder when 65 is divided by w.
21
Let y(p) = -p**2 + 2*p - 3. Let k be y(4). Let f be (-2151)/(-33) - (-2)/k. Suppose f = 5*u - 245. Calculate the remainder when u is divided by 16.
14
Let t(z) = -2*z + 25. Let l be t(11). Suppose 5*j - 3*w = -703, j - l*w + 185 = 54. Let x = j + 208. What is the remainder when x is divided by 22?
21
Suppose 7*a = 9*a + 84. What is the remainder when (2*11)/((-12)/a) is divided by 20?
17
Let j(k) = k**2 - 8*k + 6. Let d be j(6). Suppose 0 = -3*w + 5*l + 31, 2 = -0*w - 4*w - 2*l. Calculate the remainder when 27/5 + d/15 is divided by w.
1
Let j(h) = h**3 + 8*h**2 - 15*h - 10. Let g be j(-11). Let u = g + 95. Let k = -66 - u. Calculate the remainder when k is divided by 16.
15
Let m(l) = 2*l + 2. Let v be m(-3). Let t be v/(-1) - 2/1. Suppose -t*c + 7 = 3*s, -4*c - 22 - 4 = -2*s. Calculate the remainder when 18 is divided by s.
3
Let s = -11 + 23. Let k = s - 6. What is the remainder when 7 is divided by k?
1
Suppose 3*j - v = 9, -5*j + 1 = -v - 16. Let d(f) = -3*f + 2. Calculate the remainder when d(-7) is divided by j.
3
Suppose 0 = -4*t - 2*a - 6, 5*t + 2*a + 9 = 1. Let n = -9 - -13. What is the remainder when 1*(t - 0) + 6 is divided by n?
0
What is the remainder when 297 is divided by 25*6/30 + 1?
3
Let h = -740 + 769. Calculate the remainder when 45 is divided by h.
16
Let p(r) = -3*r**3 + 10*r**2 + 11*r + 67. What is the remainder when p(-5) is divided by 23?
16
Let z(j) = j - 4. Let b be z(9). Suppose 28 + b = 3*g. What is the remainder when g is divided by 10?
1
Suppose 4*l - 2*r = -7*r + 40, 4*l = 3*r + 40. Calculate the remainder when 797 is divided by l.
7
Suppose 0 = -1512*k + 1505*k + 231. Calculate the remainder when k is divided by 8.
1
Suppose l + 108 = -2*l. Let z = l - -68. What is the remainder when z is divided by 11?
10
Let r = -42 + 18. Let c = r + 31. What is the remainder when 41 is divided by c?
6
Suppose 0 = 4*t + 2*i - 64 - 126, -3*i - 175 = -4*t. Calculate the remainder when 24/60 + (-1826)/(-10) is divided by t.
45
Let q be 33 - (-88)/33*(-6)/(-4). Suppose -g - 21 = -q. What is the remainder when 285 is divided by g?
13
Let j(o) be the second derivative of o**3/6 + 7*o**2 + 15*o. What is the remainder when 33 is divided by j(3)?
16
Let t = -28 + 5. Let w be (t + -7)*(-6)/(-4). What is the remainder when 70 is divided by (-108)/w*(-15)/(-2)?
16
Let a(v) = v**3 - 2*v**2 + 43. What is the remainder when a(0) is divided by 6?
1
Suppose 35 = -720*r + 727*r. Let j = -11 + 16. Suppose 3*w + 1 = z + z, j*w + r = 4*z. What is the remainder when w is divided by 3?
0
Suppose -5*z - 3*i = -0*i - 36, 0 = -4*z - 5*i + 21. Let c = -4484 - -4499. Calculate the remainder when c is divided by z.
6
Suppose -2*f + 104 = 4*s - 48, -5*f + 2*s + 380 = 0. Calculate the remainder when 531 is divided by f.
75
Suppose -6*i + 45 = -4*i + 3*w, -2*i = 2*w - 44. What is the remainder when 1909 is divided by i?
19
Suppose -2*x - 3*x + 47 = 3*j, -j + x + 29 = 0. Let a = j + -14. What is the remainder when a is divided by 4?
2
Let j(i) = -106*i - 7. Calculate the remainder when j(-2) is divided by 70.
65
Let c(f) = 2*f**2 + 8*f - 106. Calculate the remainder when c(-14) is divided by 13.
5
Let b(i) = -i**2 - 11*i + 7. Let a be b(-11). Suppose 27 = a*j - 134. What is the remainder when j is divided by 6?
5
Let c(n) = -2*n**2 + 34*n + 2. Let g(y) = 23*y - 6. Let b be g(1). Calculate the remainder when c(b) is divided by (-5)/(-3) - 2/(-6).
0
Let o be (-28)/(-12)*(0 - 3). Let t = -11 - o. What is the remainder when 7 is divided by (1 + -3)/(t/4)?
1
Let z(j) = -2*j**3 - 3*j**2 - j + 1. Let w = 61 - 58. Suppose 3*l = 6 + w. Calculate the remainder when z(-2) is divided by l.
1
Let r = 74 + -69. Suppose r*n - n - 22 = -2*p, -3*p - 11 = -5*n. What is the remainder when 9 is divided by n?
1
Let x = -23 - -34. Suppose 16 = 3*g - 4*s - 12, -g = -s - 11. Let r = x + g. What is the remainder when r is divided by 7?
6
Let d(k) = k**3 - 7*k**2 + 4*k - 25. Let b be d(7). Suppose 3*i = -0*i - 9, -i = b*z - 48. Calculate the remainder when z is divided by 2.
1
Calculate the remainder when (-2)/7 - (-625)/7 is divided by 9/4*456/57.
17
Suppose 66*g - 67*g - 3*t = 0, g = 5*t + 40. Suppose h = 5*s + 4*h - 2, -s + 2 = -h. Calculate the remainder when (s*-2 - -1)*-43 is divided by g.
13
Let w = -44 - -102. Let v = w - 37. Calculate the remainder when v is divided by 11.
10
Let v be 0*(10/(-4) - -3). Suppose v = -5*n - n - 48. Let g = n - -12. Calculate the remainder when 19 is divided by g.
3
Suppose 0 = 8*k - 10*k + 4. Let s(u) = 2*u**3 - 3*u**2 + 3*u + 0*u + 5 - 3*u**k - u**2. Calculate the remainder when s(4) is divided by 9.
6
What is the remainder when -8*1/(-16)*132 is divided by 37?
29
Let m(n) = -n**3 - 13*n**2 - 11*n + 10. Let x be m(-12). Let u = 49 + x. What is the remainder when u is divided by 13?
8
Suppose 37 = 2*f + i, -3*f - 2*i + 42 = -f. Let c be (2/(-4))/((-1)/(-8)). Calculate the remainder when (-2)/c*5*18 is divided by f.
13
What is the remainder when (-3)/(21/(-887)) - 38/(-133) is divided by 10?
7
Let h(i) = -11*i**2. Let q be h(2). What